{"id":522,"date":"2025-08-16T18:44:20","date_gmt":"2025-08-16T16:44:20","guid":{"rendered":"https:\/\/blindaplus.com\/?post_type=product&#038;p=522"},"modified":"2025-08-17T03:40:29","modified_gmt":"2025-08-17T01:40:29","slug":"puerta-de-seguridad-blindaplus-alta-seguridad-psba1","status":"publish","type":"product","link":"https:\/\/blindaplus.com\/index.php\/producto\/puerta-de-seguridad-blindaplus-alta-seguridad-psba1\/","title":{"rendered":"PUERTA DE SEGURIDAD BLINDAPLUS ALTA SEGURIDAD PSBA1"},"content":{"rendered":"","protected":false},"excerpt":{"rendered":"<p>Nuestras puertas de seguridad, hechas de acero reforzado y madera maciza, ofrecen m\u00e1xima protecci\u00f3n contra intrusos y excelente aislamiento ac\u00fastico y t\u00e9rmico. Equipadas con cerraduras de alta calidad, mejoran la privacidad y resisten condiciones extremas.<\/p>\n","protected":false},"featured_media":234,"template":"","meta":{"_eb_attr":""},"product_brand":[],"product_cat":[17],"product_tag":[],"class_list":{"0":"post-522","1":"product","2":"type-product","3":"status-publish","4":"has-post-thumbnail","6":"product_cat-puertas-de-seguridad","8":"first","9":"instock","10":"shipping-taxable","11":"product-type-simple"},"_links":{"self":[{"href":"https:\/\/blindaplus.com\/index.php\/wp-json\/wp\/v2\/product\/522","targetHints":{"allow":["GET"]}}],"collection":[{"href":"https:\/\/blindaplus.com\/index.php\/wp-json\/wp\/v2\/product"}],"about":[{"href":"https:\/\/blindaplus.com\/index.php\/wp-json\/wp\/v2\/types\/product"}],"wp:featuredmedia":[{"embeddable":true,"href":"https:\/\/blindaplus.com\/index.php\/wp-json\/wp\/v2\/media\/234"}],"wp:attachment":[{"href":"https:\/\/blindaplus.com\/index.php\/wp-json\/wp\/v2\/media?parent=522"}],"wp:term":[{"taxonomy":"product_brand","embeddable":true,"href":"https:\/\/blindaplus.com\/index.php\/wp-json\/wp\/v2\/product_brand?post=522"},{"taxonomy":"product_cat","embeddable":true,"href":"https:\/\/blindaplus.com\/index.php\/wp-json\/wp\/v2\/product_cat?post=522"},{"taxonomy":"product_tag","embeddable":true,"href":"https:\/\/blindaplus.com\/index.php\/wp-json\/wp\/v2\/product_tag?post=522"}],"curies":[{"name":"wp","href":"https:\/\/api.w.org\/{rel}","templated":true}]}}